lculate the highest common factor of v and 72.
8
Suppose 5*t = 3*j - 62, 2*t = -4*j - 20 - 10. Let x be (-3 - t)*(-3)/6. Let b be x/(-5) - (-120)/1. What is the highest common factor of b and 11?
11
Let z = 9 - 11. Let j(g) = -13*g**3 + 2*g**2 + 2*g. Let r be j(z). Let y = -36 + r. Calculate the greatest common divisor of y and 18.
18
Let b = 76 + -56. Calculate the greatest common factor of b and 50.
10
Let n = 237 + -204. What is the greatest common divisor of n and 627?
33
Let v(t) = 9*t - 13. Let b be v(2). Suppose 0 = y + 4*o - 8, b = y + 5*o - 3. What is the highest common divisor of y and 16?
8
Suppose 161*y - 158*y - 270 = 0. What is the highest common divisor of 36 and y?
18
Let w be 4/6 - 244/(-12). Let f = 175 + -7. What is the highest common divisor of f and w?
21
Let t be 274 + -6 - -9 - 5. What is the highest common divisor of 48 and t?
16
Let u be (6*(-1)/4)/((-3)/6). Suppose -3*t + 40 = -5*g, 84 = u*t + t + g. What is the highest common factor of t and 5?
5
Suppose t + 15*j - 10*j = 2555, -t = -5*j - 2515. Calculate the highest common divisor of 15 and t.
15
Suppose -5*p = -5*a + 530, 11*a = 6*a + p + 514. What is the greatest common factor of 6 and a?
6
Suppose -7*i + 11 = -3. Let n be 3/i - 22/(-44). Let s be 32*(n - (-3)/(-2)). What is the highest common factor of s and 24?
8
Let t(o) = 535*o - 60. Let j be t(2). What is the greatest common factor of j and 10?
10
Suppose -2*p + 342 = 3*i + p, 99 = i - 4*p. What is the highest common divisor of i and 74?
37
Let y be ((-6)/(-12))/(2/76). Let l(x) = -x**3 - 17*x**2 + 23*x + 147. Let v be l(-18). What is the highest common divisor of y and v?
19
Suppose x + 3*x = 40. Suppose -c = 3*b - 46, 3*b - 5*b + 33 = 3*c. What is the greatest common divisor of x and b?
5
Suppose -2*t + 91 = -3*s + 550, 4*s + t = 601. Let p = -88 + s. What is the greatest common factor of p and 21?
21
Let k(o) = 2*o**2 - 5*o + 4. Let t be k(3). Let n(d) = -3*d. Let c be n(-4). Let h be (c/9)/(3/126). What is the greatest common divisor of h and t?
7
Let p(h) = -h**2 - 6*h + 25. Let f be p(-8). Suppose 0 = 15*j - f*j - 54. What is the highest common divisor of 18 and j?
9
Let l = 22 + -9. Suppose -l*d - d + 210 = 0. Let g = 10 + -5. Calculate the highest common divisor of d and g.
5
Suppose 0 = n - 6*n + 65. Let b = n - 11. Suppose b*i + 1 = 5. Calculate the highest common factor of i and 6.
2
Let a be (22/(-3) - 13/(-39))*-2. Calculate the greatest common factor of 2506 and a.
14
Let k = -345 + 707. Let h = 1 + 2. Suppose -4*n + n = -h*r - 264, 4*n = -r + k. What is the greatest common divisor of 10 and n?
10
Let u be (-12)/(-21)*(13 - -8). Let x(j) = -j**3 - 5*j**2 + 2*j - 8. Let p be x(-6). What is the greatest common factor of p and u?
4
Suppose -5*w + 21 = 2*g, -2*g - 9 = -2*w - 3*g. Suppose 8*c - w*c + 65 = 5*j, 3*j - 41 = c. Calculate the greatest common divisor of j and 14.
14
Let j be 255 + ((-253)/77 - (-2)/7). What is the greatest common factor of 180 and j?
36
Let g(l) = 10*l. Let z(d) = -d**2 - 3*d - 12. Let n be z(-5). Let f = n - -24. Let y be g(f). Calculate the highest common divisor of 4 and y.
4
Let v(k) = -31*k + 7. Let w be v(-7). Calculate the highest common divisor of 32 and w.
32
Let d(f) = 4*f - 13. Let n be d(4). Let p be (n + -3 + 19)/(4/44). Calculate the highest common factor of p and 19.
19
Let w be (-2)/((-1)/((-9)/(-6))). Suppose 2 = 5*s - 28. Calculate the greatest common factor of w and s.
3
Let d(c) = -c**3 - 10*c**2 - 4*c - 13. Let l = 37 + -26. Suppose 3*r = -26 + l, -3*w + r = 25. Let s be d(w). What is the highest common divisor of 3 and s?
3
Let i(s) = -s**3 + 2*s**2 - 4. Let u be i(0). Let y = u - -1. Let r be y/12 + 194/8. What is the highest common divisor of r and 6?
6
Suppose 2*t - 42 = 5*h, 2*h - 1 = -3*t + 24. Let k be (11/4)/(2/40). What is the highest common divisor of k and t?
11
Let j be (-20)/(-3) - 25/15. Suppose -25 + 280 = j*a. What is the greatest common divisor of 17 and a?
17
Suppose -8*f = 3*f - 99. Let n(z) = -8*z - 3. Let c be n(-6). Calculate the greatest common divisor of f and c.
9
Let n = 315 - 303. Calculate the greatest common factor of n and 3.
3
Suppose 0 = 6*z + 60 - 1176. What is the greatest common factor of 124 and z?
62
Let y = 53 - -50. Let k = y - -65. Calculate the greatest common factor of 21 and k.
21
Suppose -9 = 6*g - 9*g. Suppose -4*o + 85 = g*r + 8, r - 2*o - 9 = 0. Calculate the greatest common factor of r and 57.
19
Let a be 5/65 - 21992/(-52). Calculate the greatest common factor of 9 and a.
9
Let d be 4*((-45)/(-20))/9. Let s be -2*((-12)/(-8) - d). Let w be s/3 - (-469)/21. What is the highest common factor of 176 and w?
22
Let l be (2/4)/((-4)/(-1608)). What is the highest common divisor of l and 335?
67
Let y(s) = -s**3 - 15*s**2 - s + 18. Let p = -40 + 25. Let m be y(p). What is the highest common divisor of m and 11?
11
Suppose 35*o = 540 + 125. What is the highest common factor of o and 475?
19
Suppose 2*c + 5*t = 255, -3*c + 0*c + 351 = -3*t. Calculate the highest common factor of 48 and c.
24
Let x be (-12)/15*(-57 - 3). What is the highest common factor of x and 84?
12
Suppose 4*l - 12 = 4*d + 24, 3*l + 4*d = 55. Suppose 5*p + 45 - 970 = 0. Let w = p + -94. Calculate the highest common factor of w and l.
13
Let n be 140/80 + (-17)/(-4). What is the highest common factor of n and 174?
6
Suppose -16*x + 60 = -13*x. Let p be 2844/x + (-8)/(-10). Calculate the highest common divisor of p and 13.
13
Suppose 120 = 5*q - 0*q. Let h = 36 + 0. What is the highest common factor of h and q?
12
Suppose 0*q - 45 = -5*q. Suppose -98*x + 99*x + 323 = 4*s, -2*s = -3*x - 159. What is the highest common divisor of s and q?
9
Suppose -5*y - 6*x + 2*x + 2855 = 0, -2*x - 10 = 0. Calculate the highest common divisor of 23 and y.
23
Suppose -5*n + 373 = -5*d - 22, 5*d + 5*n + 445 = 0. Let s = d - -123. Calculate the greatest common divisor of 117 and s.
39
Let t be ((-2)/6)/((-10)/120). Let h be ((-318)/t)/(-3) - (-108)/(-72). What is the highest common factor of 75 and h?
25
Let g = 631 - 625. What is the highest common divisor of g and 366?
6
Suppose 22*n = 20*n + 10. Suppose 6 = -3*h - 0*h, 5*p - 2*h = 129. Suppose -5 = n*y - p. Calculate the greatest common divisor of y and 12.
4
Let z = -63 - -79. Calculate the highest common divisor of z and 24.
8
Let k = -424 - -426. Calculate the highest common divisor of k and 26.
2
Suppose -5*f = 2*v - 10, 5*v - v + 8 = -3*f. Suppose -18 = 4*d - 7*d. Calculate the highest common divisor of f and d.
2
Suppose -3*c = 6*z - 9*z + 39, -4*c = -8. Calculate the highest common factor of 5 and z.
5
Let i be 21 - (-10)/(40/(-36)). Calculate the greatest common divisor of i and 24.
12
Suppose -c + 5*c - 20 = -2*d, -11 = -5*d + 3*c. Suppose 2*z - 8 - 9 = a, 80 = -4*a + 4*z. Let l be (1 + a/3)*-3. What is the highest common divisor of d and l?
4
Let d(i) be the third derivative of -3*i**4/8 + i**3 + 2*i**2. Let k be d(-2). Calculate the greatest common divisor of k and 8.
8
Let f = -61 + 61. Suppose 5*j - 5*g = 375 + 200, f = -g + 5. Calculate the greatest common factor of j and 15.
15
Suppose 6*g - 2*g = 4*w + 4, -5*w = g - 19. Suppose 7*m - a = 4*m + 5, -4*m + w = -5*a. What is the greatest common divisor of m and 26?
2
Let k = -48 - -174. Suppose 5*w - 18 = 3*p + 75, -2*p - 13 = -w. Calculate the greatest common factor of k and w.
21
Suppose -18*y + 4898 = -52. What is the greatest common factor of 11 and y?
11
Let r(p) = p**3 + 2*p**2 + p. Let k be r(7). Suppose -20*b = -6*b - k. Calculate the greatest common divisor of 8 and b.
8
Suppose 5*b - 7*b = -24. Suppose 0 = k - b*k + 330. What is the highest common divisor of k and 40?
10
Let f be ((-184)/(-230))/((-1)/(-175)). Calculate the greatest common factor of 112 and f.
28
Suppose 48 = 7*l - 3*l. Suppose -2*k - 2*w + 50 = w, k = 5*w + l. What is the greatest common factor of 55 and k?
11
Suppose -3*k + 5 + 31 = 0. Let j = -712 - -1026. Suppose -j = -3*s - 2*l, l + 10 = -l. Calculate the greatest common factor of k and s.
12
Suppose 2*z = 4, r - 6*r + 593 = 4*z. Calculate the greatest common divisor of 72 and r.
9
Let l = 62 - 27. Suppose 0 = 4*y + 12, -4*y - y - l = -s. Let v(i) = -6*i - 1. Let g be v(-1). Calculate the highest common factor of 